 digit of (-60)/q + 4/6?
4
Let x be -7*(3 - (-48)/(-14)). Suppose x*v + v + 4 = 0, 5*b - 82 = -3*v. What is the units digit of b?
7
Let o(g) = 5*g**2 - 17*g - 10. Let u(z) = -14*z**2 + 50*z + 29. Let b(d) = 17*o(d) + 6*u(d). Let h be b(-9). Let l = -8 - h. What is the units digit of l?
6
Suppose 2*u - 22 = -2*v, 0 = 4*v - u - 3*u - 52. Suppose 5*c - 4 = -4*g, 3*c = 4*g + 3 - 7. Suppose k - v = -c*k. What is the tens digit of k?
1
Let h(q) = 5*q - 1. Let r be h(3). Let g be 14/(-4)*(-40)/r. Let a(w) = w - 9. What is the units digit of a(g)?
1
Suppose 24 - 144 = -5*j. What is the units digit of j?
4
Suppose -2*p - 2*p = 0. Suppose -12 = -q - p*q. What is the tens digit of q?
1
Let z = -11 + 7. What is the tens digit of (-1)/4 - 57/z?
1
Let m(n) = 6*n + 5. What is the tens digit of m(3)?
2
Suppose 0 = 2*b + 1 - 5. What is the units digit of (2 + -5)/((-3)/b)?
2
Let l(c) = -c**3 + 17*c**2 - 15*c - 9. Let u be l(16). Suppose -10 = 2*b, u*w - 3*w - b = 13. What is the units digit of w?
2
Suppose -406 = -3*q + 5*p, 4*q + 4*p - 552 = -0*q. What is the units digit of q?
7
Let j(x) = 5*x + 5. Let u be j(8). Suppose -3*o - 12 = -3*k, 0*k + 4*k + 5*o - 7 = 0. Suppose m - u + 12 = -5*s, k = m. What is the units digit of s?
6
Suppose 4 = -4*q + 20. Suppose q*d - 12 = -0*d. Suppose -z = -d*s - 11, -2*s - 2 = -4*s. What is the tens digit of z?
1
What is the units digit of (-1 + (-8)/12)*(1 - 7)?
0
Suppose 3*a = -2*a + 200. Suppose 2*l + 2*l = -a. What is the units digit of 12/42 + l/(-14)?
1
Suppose -3*i = x - 21, -5*x + 0 + 15 = -3*i. Let o(n) = -n**3 + 6*n**2 + 2*n - 4. Let q be o(x). Let w(m) = -m + 9. What is the units digit of w(q)?
1
Suppose -5*p = 2*p - 112. What is the units digit of p?
6
Let c(t) = -9*t**2 - 3*t. Let b(n) = 8*n**2 + 2*n. Let o(h) = 4*b(h) + 3*c(h). What is the units digit of o(1)?
4
Let m(d) = 7*d - 4. Let g = 9 - 5. What is the units digit of m(g)?
4
Suppose -143 - 31 = -2*o. What is the units digit of o?
7
Let a(z) = -z + 10. Let n be a(5). Suppose 3*c = 2*c - n. Let j = c + 8. What is the units digit of j?
3
Let p(b) be the third derivative of b**6/120 + b**5/15 - 5*b**3/6 + 2*b**2. Let s be p(-4). Let w = 0 - s. What is the units digit of w?
5
Suppose 3*p = -2*p - c + 1013, 5*p - 1021 = 3*c. What is the units digit of p?
3
Suppose -9*o = -8*o + 2. What is the units digit of (o + (-9)/(-6))*-122?
1
Let i = 62 + -28. What is the units digit of i?
4
Suppose 2*r - 5*n = 12, 2*n - 8 = -4*r + 4*n. Let i(v) = 11*v**3 + v - 1. What is the tens digit of i(r)?
1
Let s be (-5)/5 - 14/(-1). Let g = 31 - s. What is the tens digit of g?
1
What is the tens digit of (4/10)/(5/625)?
5
Let g = 37 + 65. What is the tens digit of g?
0
Let y = -28 - -30. Let o = 13 - 18. What is the units digit of y + 0 + (-30)/o?
8
Let d = 22 - 16. What is the units digit of d?
6
Suppose -3*d = -2 + 20. What is the units digit of d + 14 - (0 - 0)?
8
Let d(v) = 53*v**2 + 3*v + 1. What is the tens digit of d(-1)?
5
Let k(u) = 6*u + 1. What is the units digit of k(1)?
7
Suppose 7 = -3*s + 10. Let z be (-1 + (3 - s))*3. Suppose -z*r = -8*r + 95. What is the units digit of r?
9
Let k(y) = -y**2 + 12*y + 14. Let f be k(12). Let m = f + -9. What is the units digit of m?
5
Let m be 4 + 0*(-1)/(-2). Let l(p) = -8*p - 3 + m*p + 1. What is the units digit of l(-3)?
0
Let q(c) be the first derivative of c**2 - 7*c - 3. Let h(j) = j**3 - 5*j**2 + j + 3. Let x be h(5). What is the units digit of q(x)?
9
Suppose 34*k + 440 = 36*k. What is the tens digit of k?
2
Suppose v = -2*v - 3*d + 12, -2*d + 8 = v. Suppose v = -k - 2*k + 24. Suppose -2*r = -4*r + k. What is the units digit of r?
4
Suppose 5*s + r = 389, -3*r + 305 + 15 = 4*s. What is the tens digit of s?
7
Let n be (-3)/((-3)/5) - 2. Suppose 34 = n*j - 2*j - 4*h, -6 = 2*h. What is the tens digit of j?
2
Let k(x) = x**3 - 7*x**2 + 4*x - 20. What is the tens digit of k(8)?
7
Let f(i) = -i + 7. Let z be f(11). Let w(c) = c**2 + 3*c + 3. What is the units digit of w(z)?
7
Let s(b) = -b**3 - 5*b**2 - 2*b - 7. Let f be s(-6). Let y = f + -21. What is the tens digit of y?
2
Let j(h) = -38*h - 1. What is the units digit of j(-2)?
5
Suppose 2*a + 0*m = 3*m + 34, 0 = 3*a - 4*m - 50. What is the units digit of a?
4
Let b = 14 - 14. Suppose 2*r + 3*r - 4*z - 165 = 0, -r + 5*z + 54 = b. What is the units digit of r?
9
Let p = -13 - -21. Let t = -17 + p. Let i = t + 18. What is the units digit of i?
9
Suppose 0 = 5*a - 22 - 83. What is the tens digit of a?
2
Let m = 11 + -12. What is the units digit of 1/((-3)/(-4 - m))?
1
Let t = -6 - -7. What is the units digit of 2/(4/22) + t?
2
Suppose 2*m - 180 = -3*m. What is the units digit of m?
6
Suppose 0 = -5*o - 17 + 92. What is the units digit of o?
5
Let s = 32 + 14. What is the tens digit of s?
4
Suppose -2*i + 6*i - 140 = 0. What is the units digit of i?
5
Suppose -4*a - 2*n - n + 19 = 0, -3 = -2*a + 5*n. Suppose -y = -4*x + a, -3 = -2*x + 2*y - 1. What is the units digit of x?
1
Suppose 0 = 2*d - 134 - 40. What is the tens digit of d?
8
Let v be 4/((-4)/3)*-1. Suppose 0 = 4*g - 49 - v. What is the units digit of g?
3
Suppose 2*z + 0*z - 148 = 0. Let h = z - 42. What is the units digit of h?
2
Let t be 3*(-22)/12*-2. Let x = 10 - 7. Suppose 0 = h + 2*h + d - t, -2*h + x*d = 0. What is the units digit of h?
3
Let m(j) = -j**3 - 9*j**2 - 13*j - 11. What is the tens digit of m(-8)?
2
Let u(f) = -19*f**2 + 3*f. Let c be u(2). Let n be -3*1*c/15. Let a = n + -1. What is the tens digit of a?
1
Let f(c) = 25*c**2 - 1 + 1. What is the units digit of f(1)?
5
Let t(y) = -5*y + 1. Let d(j) = j**2 - 7*j + 5. Suppose -2*u = 3 - 15. Let l be d(u). What is the units digit of t(l)?
6
Let f = -2 + 2. Suppose -4*s = -2*r - 64, -5*r + 65 = 5*s - f*r. What is the tens digit of s?
1
Let m be -10*(1 + (-27)/15). Let q be 2/3*-3 + 3. What is the units digit of q/(-4) - (-74)/m?
9
Suppose -d - 4*d = 0. Let m be -2*5/4*-2. Let z = m - d. What is the units digit of z?
5
Let h(z) = -z**2 + 9*z. Let t be h(9). Let m = t - -4. What is the units digit of m?
4
Suppose -345 = d - 4*d. What is the tens digit of d?
1
Suppose -2*n = -3*n + 23. What is the tens digit of n?
2
Let s be -5*1*-3 + -2. Let r = 0 + 7. Let m = s - r. What is the units digit of m?
6
Suppose 0 = 6*z - z + 2*a - 267, 0 = 3*a + 12. What is the units digit of z?
5
Let z = 1 + -1. Suppose c + z = 3. What is the units digit of (-4 - (-3 - 0)) + c?
2
What is the tens digit of -3 - -30 - (-3 + 1)?
2
Suppose 2*c + 2 = 0, -5*r = -3*c - 13 - 5. Suppose -141 + 27 = -r*h. Suppose -g + 0*g + h = 5*w, 3*w - 2*g - 15 = 0. What is the units digit of w?
7
Let u = -18 + 36. Let g = 24 - u. What is the units digit of g?
6
What is the hundreds digit of 11494/56 - 3/(-4)?
2
Let i be (-111)/18 + (-2)/(-12). Let v = 16 + -5. Let k = v + i. What is the units digit of k?
5
Let c(r) = -r**2 - 4*r - 15. Let m be c(-6). Let k = 8 - m. What is the tens digit of k?
3
Let x(l) = -3 + 3 - 13*l + 0 - 8. What is the tens digit of x(-4)?
4
Let k(x) = x**2 + 5*x + 3. What is the units digit of k(3)?
7
Let r(v) = 2*v - 4. Let q be r(6). What is the units digit of q/(-5)*(-20)/8?
4
Suppose 4*l = 3*r + 16, 4*l - 3*r = -8*r + 16. Suppose -2*v - v = 3*j - 42, -l*j - 16 = 0. What is the tens digit of v?
1
Let i = -8 - -3. Let h = i - -6. What is the units digit of h/4 + 275/20?
4
Let d = 10 - 13. What is the units digit of 27 + d + 2 + 1?
7
Suppose 0 = -5*q - 2*g - 2, g + 3*g = -5*q - 4. Let z = q + 3. Suppose 4 = u, 2 = -4*h - z*u + 50. What is the units digit of h?
9
Let n(m) = m**2 - 4*m - 6. Let i be n(6). Suppose r - i*r + 4*p + 11 = 0, -p = -1. What is the units digit of r?
3
Suppose -10*f = -7*f - 315. What is the tens digit of f?
0
Suppose -91 + 27 = 4*s. Let j = -10 - s. What is the units digit of (j*-3)/((-4)/2)?
9
Let v = 252 + -173. What is the units digit of v?
9
Let a(t) be the third derivative of -t**2 - 1/6*t**3 - 1/120*t**6 + 0 + 1/10*t**5 + 1/24*t**4 + 0*t. What is the units digit of a(6)?
5
Let y(d) = -4*d + 0*d + 5 + 5*d + 2. What is the tens digit of y(14)?
2
Let b(c) = 17*c**3 + c**2 + 0*c + 3 + 12*c**2 + 3*c. Let l(z) = 4*z**3 + 3*z**2 + z + 1. Let i(x) = 2*b(x) - 9*l(x). What is the units digit of i(-2)?
5
What is the tens digit of 2 - 4 - 69*-1?
6
Let d(b) = -b +